isor of 96 and k?
12
Let i = -600 - -604. Let m = -4 + 24. What is the highest common divisor of m and i?
4
Let a be 2/(-3) - (-2804)/3. Let v = -327 + a. Suppose 0 = 5*f + x - v, -f + 3*x + 113 = -x. Calculate the highest common factor of 11 and f.
11
Suppose 11*v - 16*v + 65 = 0. Suppose 0 = -5*a - 4*w + 735, 3*a - 133 = 2*a + 2*w. What is the greatest common divisor of v and a?
13
Let k = -282 + 414. Suppose -3*s + 5*f - 13 = 0, 0 = -3*s - 4*f + f - 21. Let a = s - -18. What is the highest common divisor of k and a?
12
Let w be 2 + -1 - (12 - 13). Let t be 2/(-3)*(-21)/1. What is the greatest common factor of t and w?
2
Let d = 16 - 14. Let p be (2/(-4))/(d/(-72)). What is the highest common factor of p and 12?
6
Let g(l) = 8*l - 1. Let d be 1/2*(-6)/(-1). Suppose 2*c = 7 - d. Let w be g(c). What is the greatest common divisor of w and 60?
15
Let r be 2 - 3 - 1 - -23. Let t(p) = p**2 - 5*p. Let b be t(4). Let u = b + 7. What is the highest common divisor of r and u?
3
Suppose -4*f - 3*m = -111, -m + 0*m - 123 = -4*f. Calculate the highest common divisor of f and 10.
10
Let k = -2 + 3. Let m(y) = -y**3 - 5*y**2 - 6*y + 1. Let r be m(-3). What is the highest common divisor of k and r?
1
Let p(w) = 6*w - 6. Let s be p(4). Suppose 3*u - 60 + 12 = 0. Let l = u - 10. Calculate the greatest common factor of s and l.
6
Let w(l) = -l**2 - 20*l + 24. Let x be w(-16). Calculate the greatest common divisor of x and 220.
44
Suppose 3*t = -t + 96. Suppose -9 = -3*y - 3. Suppose 0 = 3*d + 3*j - 45, -4*j + 39 = y*d + j. Calculate the greatest common factor of t and d.
12
Suppose v = 2*y - 3*v, -5*v = y. Suppose 0 = -4*d - y*d + 296. Let c = d - 34. What is the highest common divisor of 10 and c?
10
Suppose 0 = b + 2*b + 3*s - 27, -5*b - 2*s + 36 = 0. Let j be 1 + 2/3*b. What is the greatest common factor of j and 45?
5
Suppose -352 = -0*p - 2*p. Let b be (-15)/10 + 70/4. Calculate the greatest common divisor of b and p.
16
Let s be 96/7 - 2/(-7). Suppose 4*i - 2*u - 19 = -i, -s = -4*i + u. Let d be (2 - 7)*(-3)/5. What is the greatest common factor of i and d?
3
Let d be 9*(-1*3 - -2). Let x(j) = j**2 + 8*j - 10. Let c be x(d). Let b = c + 5. Calculate the greatest common factor of 8 and b.
4
Let z = 28 - 12. Let u(y) = y**3 - 4*y**2 + 8. Suppose -b + 3 + 3 = 0. Let v be u(b). What is the greatest common divisor of v and z?
16
Let r be ((-36)/42)/((-1)/21). Let n(x) = 18 + 72*x**3 - r. Let k be n(1). Calculate the highest common divisor of 9 and k.
9
Let k be (-1)/(-3) - 141/(-9). Let f = 50 - k. What is the greatest common factor of 51 and f?
17
Let x be 4/22 + 42/11. What is the greatest common divisor of 44 and x?
4
Let n(y) = -y**3 - 4*y**2 + 5*y + 3. Let s be n(-5). Suppose -330 = -6*q + s*q. Let w = -12 + 23. What is the highest common factor of q and w?
11
Let c(w) = w**3 + 4*w**2 - 6*w - 3. Let p be c(-5). Suppose -p*a + 55 = -u, 4*u + 12 = -a + 35. What is the greatest common factor of 3 and a?
3
Suppose -40 = -6*n + 2*n. Suppose -30 = -5*i + 90. Let w = i - 9. What is the greatest common divisor of n and w?
5
Let s be 5*4*(-6)/(-20). Let h(v) = -v**3 + 7*v**2 - 7*v + 9. Let a be h(s). Let t = 117 + -90. Calculate the greatest common divisor of a and t.
3
Let c = -134 + 137. What is the highest common factor of 4 and c?
1
Suppose 4 = 4*o - 12. Let p be 1198/6 + (-4)/(-12). Suppose 0*h - p = -o*h. Calculate the greatest common factor of h and 20.
10
Let m(i) = 7*i**2 + i + 9. Let r be m(3). What is the greatest common divisor of 15 and r?
15
Suppose j = 8 - 1. Calculate the highest common divisor of j and 77.
7
Suppose -262 - 43 = -5*p. Suppose -3*w = -6, w + p = 3*o - 3*w. Calculate the highest common divisor of o and 23.
23
Let d be 6870/90 - (-2)/(-6). Calculate the greatest common divisor of 4 and d.
4
Suppose -4*g + g = 3*q - 27, 3*g + 2*q - 26 = 0. Calculate the greatest common divisor of g and 88.
8
Suppose -5*l - 4*p = -0*l - 17, -5*p + 5 = 3*l. Suppose 2*r - 65 + 5 = -l*c, -3*r + 15 = 0. Let b = c - 8. Calculate the greatest common factor of 3 and b.
1
Suppose 0 = 2*m - 84 - 34. Let i = -5 + m. Calculate the highest common factor of 36 and i.
18
Let a be 51/(-2)*(4 + 120/(-18)). Calculate the highest common divisor of 17 and a.
17
Suppose 4*z - 220 - 572 = 0. Suppose -z + 68 = -5*g. Calculate the highest common divisor of 13 and g.
13
Suppose 9*t = t + 40. What is the greatest common factor of t and 5?
5
Suppose -132 = -4*m - r, -5*r = -4*m - 6 + 114. Calculate the highest common factor of 48 and m.
16
Let y(k) = k**2 - 4*k - 1. Let p be y(5). Suppose p*w = w + 72. What is the highest common divisor of 12 and w?
12
Let d(c) = 17*c + 1. Suppose 1 = -3*g + 4. Let a be d(g). Calculate the highest common factor of a and 54.
18
Suppose 0 = -13*f + 880 + 576. What is the highest common divisor of f and 7?
7
Let s(d) = -d**3 + 8*d**2 + 9*d + 6. Let v be s(9). Calculate the greatest common divisor of v and 3.
3
Let c = 9 - 5. What is the highest common divisor of c and 40?
4
Let n(q) = -3*q + 20. Let p be n(-6). Calculate the greatest common factor of p and 95.
19
Let j = -3 - -43. What is the greatest common divisor of j and 8?
8
Suppose -j = -11 - 79. What is the highest common factor of j and 10?
10
Suppose 2*r - r = -5. Let j(w) = -11*w + 5. Let y be j(r). Suppose -3*b + 3*z - y = -8*b, -3*b + 36 = z. Calculate the highest common divisor of b and 12.
12
Let y be 1/(-1)*(-3)/(-3). Let k be (y + (-10)/(-6))*3. What is the highest common divisor of k and 3?
1
Suppose 9*w - 613 = -19. Suppose -15 = -5*h + 95. Calculate the greatest common factor of w and h.
22
Suppose 7*g - 2*g = -10. Let b be 44*1 + g + 1. Suppose -3*k + 4*x = -b, -5*k + 0*x + 41 = x. What is the greatest common divisor of k and 9?
9
Let p = 9 - 4. Let s = -2 + p. Let i be (-28)/s*(-3)/2. Calculate the greatest common divisor of i and 2.
2
Let d be 5*(-8)/(4/(-1)). Calculate the greatest common factor of d and 40.
10
Let o = 16 - 30. Let v = -10 - o. Suppose -4*h - 4*u + 116 = 0, v*u - 21 = -2*h + 45. What is the highest common divisor of h and 5?
5
Suppose -h + 2*b - 48 = 2*h, h - 2*b = -16. Let l be 99 - 4/h*-4. Calculate the highest common factor of 14 and l.
14
Suppose 4*v - 12*v = 24. Let u(m) = m + 2 - 2*m - 4. Let j be u(v). Calculate the highest common factor of 9 and j.
1
Let o be 19 + 0 - (-2 + 1). Suppose 0*k + o = 5*k. Let b be ((-35)/k)/(2/(-8)). What is the highest common divisor of 5 and b?
5
Let u(b) = 3*b. Suppose -3*l + 25 = 2*l. Let s be u(l). Calculate the highest common divisor of 105 and s.
15
Let t(p) = -p**2 - 6*p - 13. Let b be t(-9). Let g be 5/(b/(-12))*4. Calculate the greatest common divisor of 54 and g.
6
Let w be -2*5/4*-2. Suppose 7*b + 4*m = 3*b + 60, 2*m + 68 = w*b. Suppose -76 - b = -f. What is the greatest common factor of 10 and f?
10
Suppose -n = -3*n. Suppose n = 4*i - i - 54. Suppose 3*h + 213 = 807. Calculate the greatest common divisor of i and h.
18
Suppose -l = -2*u - 4, 0 = -l + 4*l - 3*u - 15. What is the greatest common factor of l and 6?
6
Suppose m - 2 = -0. Suppose s = -2*s + 42. What is the highest common divisor of s and m?
2
Let m(x) = x - 3. Let d be m(6). Suppose -5*j - v + 225 = 0, 0 = -j + d*j - v - 90. What is the highest common factor of 5 and j?
5
Suppose 2*n + 2*w + 0*w - 464 = 0, -2*w - 4 = 0. What is the highest common divisor of n and 26?
26
Let k(h) = -9*h - 3. Let c be k(-3). What is the highest common factor of c and 48?
24
Let h = -95 + 133. Calculate the greatest common divisor of h and 19.
19
Let h(f) = 25*f + 7. Let v be (6/4)/(3/6). Suppose v*s = z + 2*z + 15, 4*z + 15 = 3*s. Let n be h(s). What is the highest common factor of 12 and n?
12
Suppose 0*u - 2 = 2*u + 4*b, 0 = 4*b + 12. Suppose 10 = -3*y + u*y. Suppose 2*n = y*c - 20 - 6, n - 2 = 0. What is the greatest common divisor of 6 and c?
6
Let q = 4 - 1. Let d(b) = 4*b**2 - 5*b**2 - 2 - 19*b**3 + b + q. Let z be d(-1). Calculate the greatest common divisor of z and 6.
6
Suppose m - 39 - 13 = -2*r, m = 3*r + 32. Suppose 2*f + m = 3*f. Suppose 0*g - g + 4 = 0. Calculate the highest common divisor of f and g.
4
Suppose -4*v - 5*i + 61 = 0, -i + 68 = 5*v - 3*i. Let y = 21 + -10. Let f = 10 + y. What is the highest common factor of v and f?
7
Suppose -2*v